217408, 5173950 = 7*z - 5*n. Is z a composite number?
True
Let g(h) be the first derivative of -46*h**2 + 61*h - 72. Is g(-9) composite?
True
Let y(b) = -3258*b + 1255. Is y(-41) prime?
False
Let s(f) = -54*f + 8933. Is s(-65) a composite number?
True
Suppose 4*k = f - 3, k = 4*k + f + 11. Let n be (1 - k) + 98/2. Let o = n + 165. Is o a composite number?
True
Is (-149)/745 - (-2194332)/10 a composite number?
False
Let c = -240 - -241. Let w(q) = 1165*q - 26. Is w(c) composite?
True
Let k = -24 - -28. Suppose k*p + 1480 = -4*p. Is p/(-15)*(14 + 1) prime?
False
Suppose 26*x - 303777 = -49*x + 84498. Is x prime?
False
Let k(n) = 3*n - 44*n**2 + 22*n**2 + 21*n**2 - 1. Let y be k(3). Is (-189 - 2)/((y + 0)*1) a prime number?
True
Let h = -191668 + 2048628. Is (h/21)/8 + 2/(-6) a composite number?
True
Is (-6 + 2)*(212703/3)/((-6)/3) a prime number?
False
Suppose -2*l + 4*j - 8*j = -128142, -7*j + 28 = 0. Is l a composite number?
False
Let g be (-44 - 4) + (-3)/(-1). Let o = g - -60. Let t(w) = w**3 - 14*w**2 - 2*w - 12. Is t(o) a composite number?
True
Let b(x) = x**3 + 7*x**2 + 5*x - 4. Let a be b(-6). Is (-24346)/(-8) + (-8)/(30 + a) prime?
False
Let d(b) = 49*b**3 + 7*b**2 - 33*b + 344. Is d(15) a composite number?
False
Let v(g) = g**3 + 3*g**2 + 11*g + 35. Let c be v(-3). Suppose r = -4, -2*m - c*r = -2139 - 3891. Is m prime?
True
Let t(w) = -584*w - 83. Let q(n) = -389*n - 55. Let m(j) = -8*q(j) + 5*t(j). Is m(1) composite?
True
Let s(u) = -u**3 - 2*u**2 + 2*u - 1. Let z be s(-3). Suppose z*t - 2722 = 6096. Suppose -k = -3*b + t, -11010 = -5*b - 3*k - 3643. Is b composite?
False
Suppose 18*o = 11*o + 42. Let j(x) = 41*x**2 + 5*x + 29. Is j(o) composite?
True
Let x(h) = -29*h - 79. Let l be x(-3). Suppose 338 = l*o - 8198. Is o prime?
False
Suppose 10 - 10 = a. Suppose a = 10*g - 565 - 405. Is g a prime number?
True
Let q be ((-20)/16)/5*-12 + -1274. Let v = 10374 + q. Is v a composite number?
False
Let z = 10394 - 7159. Is z a composite number?
True
Suppose -27*p - 10280 + 59258 = 0. Suppose -y + p + 2607 = 0. Is y composite?
False
Let b(v) = v**3 + 34*v**2 + 60*v - 57. Let s(t) = t**2 - t + 1. Let i(p) = b(p) + 5*s(p). Is i(-35) a prime number?
False
Suppose -2532965 = -10*u + 180965. Is u a prime number?
True
Let n = -26 + 31. Suppose -2*a + 13 + n = 0. Suppose a*h = 8*h + 119. Is h a composite number?
True
Let c(h) = 17*h**2 - 104*h + 7. Is c(-42) composite?
True
Suppose -4*r + 2693787 = 3*u - 600868, -4*r = -2*u + 2196450. Is u a composite number?
False
Let r(d) = -10*d**3 - 3*d**2 - 6. Let j be r(-3). Let f = 364 - j. Is f a prime number?
True
Is ((-18741)/12)/(9*(-14)/14616) a prime number?
False
Let o be 1/(2*1/(-6736)). Let i = -1437 - o. Is i a composite number?
False
Let f(m) = -4*m**2 + 6*m + 28387. Is f(0) prime?
True
Let s(u) be the second derivative of 5*u**4/2 + u**3 - 5*u**2/2 + 2*u + 4. Is s(-6) a prime number?
True
Suppose -1721477 = -2*o - q + 687788, -5*q - 6023170 = -5*o. Is o a prime number?
True
Let t(q) = q**2 - q - 4. Let x(u) = -u**3 - 15*u**2 + 17*u + 81. Let v(f) = -3*t(f) - x(f). Is v(14) prime?
True
Suppose 6372 = 7*y - y. Suppose -g = 3*b - 8863, -b - 5*g + y = -1911. Is b a composite number?
False
Let s = -3 + 14. Suppose -33*w = -486 - 42. Suppose -w*r + s*r = -1010. Is r a composite number?
True
Let i(k) = -2*k**2 - 49*k - 56. Let f be i(-25). Let r be 2700/f*6/(-4). Suppose u + r = 1453. Is u composite?
True
Let t = 531034 - 253115. Is t prime?
True
Suppose s - 314 - 500 = 0. Suppose 3*p + s = 5*p. Is p composite?
True
Let d = -291 - -278. Is d/(-104) - (-10766)/16 a composite number?
False
Let s = -13 + 9. Let r be -3 - (s - (-9)/(-3)). Suppose -3*y + 7*m - 9*m = -2641, 3518 = r*y + 2*m. Is y prime?
True
Suppose -5*a = -8*a + 84. Suppose 39*h - 1397 = a*h. Is h composite?
False
Let y = 157 + -158. Is y + 439/(-5*(-5)/450) a prime number?
True
Let o = 657 - 2695. Let j be (2 - (-1983)/(-6))*14/(-3). Let w = j - o. Is w a composite number?
False
Let n = 57458 - 140363. Let h = -48398 - n. Is h prime?
False
Let a be 9/(108/39810)*2. Suppose -120*b + 116*b = 5*o - a, 4971 = 3*b + 2*o. Is b composite?
True
Is 0 + 0 - (-479001)/(-15*9/(-90)) prime?
False
Let f(q) be the third derivative of 221*q**6/720 + q**5/4 - 11*q**4/8 - 35*q**2. Let s(c) be the second derivative of f(c). Is s(13) a composite number?
False
Let p be 34/12 + (-18)/(-108). Suppose p*r + 3*h - 15114 = 0, -3*h + 5626 = 4*r - 14527. Is r a composite number?
False
Is (58 - 44) + (-291870)/(-2) a prime number?
True
Suppose 0 = -h + 2*h. Suppose h = 3*m - 5*m + 198. Let z = -65 + m. Is z a prime number?
False
Let w = 3515419 + -1644528. Is w composite?
True
Let v(u) = 561*u**3 - 2*u**2 + 7*u - 1. Let z be v(-3). Let n = z - -23021. Is n a prime number?
False
Let j(o) = -529*o - 47. Let t be j(8). Let y = -2438 - t. Is y prime?
False
Let g(x) = 30*x + 340. Let o be g(-11). Suppose o*t = 198543 + 23247. Is t prime?
False
Let y(f) = -f**2 - 13*f - 26. Let v be y(-10). Suppose 5*c = 2*o + 661, c + v*c + 1367 = -4*o. Let n = -147 - o. Is n a composite number?
False
Suppose -15*s + 11*s + 12 = 0. Suppose s = -0*u + u, -5*n - 11 = -2*u. Is n/((-6)/8 + 5156/6896) prime?
True
Let b = -895 + 2309. Let p = b - 995. Is p a composite number?
False
Is (2 - 5)/((-30)/24590) composite?
False
Suppose -4*h = c - 1588, 0*c + 5*c + 1960 = 5*h. Suppose 574 = l - 3*n - h, -4*l + 5*n = -3887. Is l composite?
True
Let t = -1067 + 1063. Let k = -6 + 1. Is (-10661)/(-28) + k/t prime?
False
Let u(s) = -598*s**3 - s + 1. Let m be u(1). Suppose 7*q - 21*q = -210. Is m/(-10) - 12/q a composite number?
False
Let t(g) = -224*g**3 - 57*g**2 + 16*g - 10. Is t(-5) a prime number?
False
Let c(f) = 35*f**2 + 17*f + 109. Let i(r) = -36*r**2 - 15*r - 109. Let v(p) = -3*c(p) - 4*i(p). Is v(-29) prime?
True
Is (10282532/130)/(1 - 18/30) a composite number?
False
Let m = -2334 + 3789. Suppose 5*v = y - 883, -m - 289 = -2*y - v. Let j = y + 86. Is j prime?
False
Suppose 2*y - 7*y + 25 = 5*b, -43 = -5*y + 4*b. Suppose -5*h + y*h = 20. Let d(t) = 44*t + 41. Is d(h) a prime number?
False
Let k be 2*(-4)/12*3. Let a = 4 - k. Suppose -11*r + 635 = -a*r. Is r a composite number?
False
Let c = 743 + 128. Let q = c - 564. Is q composite?
False
Suppose f + 4*f = -13865. Let c be -6*4/8 + f. Is c/(-20) - (48/(-15) - -3) prime?
True
Is ((-33)/(-176))/((-12)/(-67216))*4 prime?
True
Let d(j) = j**3 + 11*j**2 - 4*j - 7. Let b = 73 + -71. Let a be b/(-10) - (-51)/5. Is d(a) a prime number?
True
Let u(w) = 12719*w - 760. Is u(3) a prime number?
True
Let c(p) be the first derivative of 1652*p**3/3 - 7*p**2/2 + 5*p + 75. Is c(2) composite?
False
Let h = 5903 - -150104. Is h composite?
False
Let l(r) be the first derivative of 70*r**3/3 - 2*r**2 + 25*r - 856. Suppose -k = 2*k + j + 21, 27 = -5*k + j. Is l(k) prime?
False
Let z(g) = 30*g**2 - 6*g + 23. Let s be z(3). Suppose -5*u + 765 = s. Let o = u - -63. Is o a composite number?
True
Suppose 3*l + 2*i - 3*i = -5, 5*l + i - 5 = 0. Suppose 10*m - 282053 - 72337 = l. Is m composite?
True
Let n(m) = 3038*m + 1675. Is n(41) composite?
False
Suppose 39*b = 40*b + 76. Is (19/b)/((-1)/55004) a prime number?
True
Let b(l) = 62*l**2 + 7*l - 7. Let k be b(-6). Let n = k - -1593. Suppose -7*m + 1005 + n = 0. Is m a composite number?
False
Let c = 44575 - 15398. Is c a composite number?
True
Suppose -86*n = -82*n - 852860. Is n prime?
False
Suppose -454*v + 10516876 = 4*v - 12772882. Is v composite?
True
Suppose 0 = 13*v - 66416 - 17681. Is v prime?
True
Suppose 21*b - 46 - 38 = 0. Let i be 1 + b - 4179/(-3). Let c = i - 815. Is c prime?
False
Let l = 260392 + -27825. Is l prime?
True
Let x(u) = 651*u**2 - 8*u + 5. Let i = 19 + -23. Is x(i) composite?
False
Let y = 177735 - 73822. Is y a composite number?
False
Let x = 266 - 65. Let u(r) = -10*r - 48. Let v be u(-7). Suppose -l + x + v = -2*q, -4*l - 4*q = -856. Is l a composite number?
True
Let h(v) = 2*v**2 - 25*v - 8. Suppose 4*k - 8*k - 328 = 0. Let c = -103 - k. Is h(c) a composite number?
False
Suppose 69086 = w + 4*s - 127845, 5*s - 984610 = -5*w. Is w composite?
False
Suppose -3*d + 8*k = -51225, -5*d + 95*k - 92*k = -85406. Is d a composite number?
True
Let r(a) = 10*a**3 - 123*a**2 - 27*a + 51. Is r(16) pri